[INFO] fetching crate park-miller-carta-prng 0.1.3...
[INFO] checking park-miller-carta-prng-0.1.3 against master#cfbc6d4cf1acbac5c025acf8ed68929caa551df3 for pr-75494-beta
[INFO] extracting crate park-miller-carta-prng 0.1.3 into /workspace/builds/worker-4/source
[INFO] validating manifest of crates.io crate park-miller-carta-prng 0.1.3 on toolchain cfbc6d4cf1acbac5c025acf8ed68929caa551df3
[INFO] running `Command { std: "/workspace/cargo-home/bin/cargo" "+cfbc6d4cf1acbac5c025acf8ed68929caa551df3" "read-manifest" "--manifest-path" "Cargo.toml", kill_on_drop: false }`
[INFO] removed /workspace/builds/worker-4/source/.cargo/config
[INFO] started tweaking crates.io crate park-miller-carta-prng 0.1.3
[INFO] finished tweaking crates.io crate park-miller-carta-prng 0.1.3
[INFO] tweaked toml for crates.io crate park-miller-carta-prng 0.1.3 written to /workspace/builds/worker-4/source/Cargo.toml
[INFO] running `Command { std: "/workspace/cargo-home/bin/cargo" "+cfbc6d4cf1acbac5c025acf8ed68929caa551df3" "generate-lockfile" "--manifest-path" "Cargo.toml" "-Zno-index-update", kill_on_drop: false }`
[INFO] [stderr]     Blocking waiting for file lock on package cache
[INFO] running `Command { std: "/workspace/cargo-home/bin/cargo" "+cfbc6d4cf1acbac5c025acf8ed68929caa551df3" "fetch" "--locked" "--manifest-path" "Cargo.toml", kill_on_drop: false }`
[INFO] [stderr]     Blocking waiting for file lock on package cache
[INFO] running `Command { std: "docker" "create" "-v" "/var/lib/crater-agent-workspace/builds/worker-4/target:/opt/rustwide/target:rw,Z" "-v" "/var/lib/crater-agent-workspace/builds/worker-4/source:/opt/rustwide/workdir:ro,Z" "-v" "/var/lib/crater-agent-workspace/cargo-home:/opt/rustwide/cargo-home:ro,Z" "-v" "/var/lib/crater-agent-workspace/rustup-home:/opt/rustwide/rustup-home:ro,Z" "-e" "SOURCE_DIR=/opt/rustwide/workdir" "-e" "CARGO_TARGET_DIR=/opt/rustwide/target" "-e" "CARGO_HOME=/opt/rustwide/cargo-home" "-e" "RUSTUP_HOME=/opt/rustwide/rustup-home" "-w" "/opt/rustwide/workdir" "-m" "1610612736" "--user" "0:0" "--network" "none" "rustops/crates-build-env@sha256:a636fd89d022f18117e1dc8fb37a0a009933cdbbe082814857f0e2024962d47c" "/opt/rustwide/cargo-home/bin/cargo" "+cfbc6d4cf1acbac5c025acf8ed68929caa551df3" "metadata" "--no-deps" "--format-version=1", kill_on_drop: false }`
[INFO] [stdout] b4aaccbd8694260e0226aab8b98ea84e99f3b0ea5c8dd9b95c75c14636b86313
[INFO] [stderr] WARNING: Your kernel does not support swap limit capabilities or the cgroup is not mounted. Memory limited without swap.
[INFO] running `Command { std: "docker" "start" "-a" "b4aaccbd8694260e0226aab8b98ea84e99f3b0ea5c8dd9b95c75c14636b86313", kill_on_drop: false }`
[INFO] running `Command { std: "docker" "inspect" "b4aaccbd8694260e0226aab8b98ea84e99f3b0ea5c8dd9b95c75c14636b86313", kill_on_drop: false }`
[INFO] running `Command { std: "docker" "rm" "-f" "b4aaccbd8694260e0226aab8b98ea84e99f3b0ea5c8dd9b95c75c14636b86313", kill_on_drop: false }`
[INFO] [stdout] b4aaccbd8694260e0226aab8b98ea84e99f3b0ea5c8dd9b95c75c14636b86313
[INFO] running `Command { std: "docker" "create" "-v" "/var/lib/crater-agent-workspace/builds/worker-4/target:/opt/rustwide/target:rw,Z" "-v" "/var/lib/crater-agent-workspace/builds/worker-4/source:/opt/rustwide/workdir:ro,Z" "-v" "/var/lib/crater-agent-workspace/cargo-home:/opt/rustwide/cargo-home:ro,Z" "-v" "/var/lib/crater-agent-workspace/rustup-home:/opt/rustwide/rustup-home:ro,Z" "-e" "SOURCE_DIR=/opt/rustwide/workdir" "-e" "CARGO_TARGET_DIR=/opt/rustwide/target" "-e" "CARGO_INCREMENTAL=0" "-e" "RUST_BACKTRACE=full" "-e" "RUSTFLAGS=--cap-lints=forbid" "-e" "CARGO_HOME=/opt/rustwide/cargo-home" "-e" "RUSTUP_HOME=/opt/rustwide/rustup-home" "-w" "/opt/rustwide/workdir" "-m" "1610612736" "--user" "0:0" "--network" "none" "rustops/crates-build-env@sha256:a636fd89d022f18117e1dc8fb37a0a009933cdbbe082814857f0e2024962d47c" "/opt/rustwide/cargo-home/bin/cargo" "+cfbc6d4cf1acbac5c025acf8ed68929caa551df3" "check" "--frozen" "--all" "--all-targets" "--message-format=json", kill_on_drop: false }`
[INFO] [stdout] 43f3335ef95acf44bd724311e104d44ef3dcbb61c0d87091d9d527d440413196
[INFO] [stderr] WARNING: Your kernel does not support swap limit capabilities or the cgroup is not mounted. Memory limited without swap.
[INFO] running `Command { std: "docker" "start" "-a" "43f3335ef95acf44bd724311e104d44ef3dcbb61c0d87091d9d527d440413196", kill_on_drop: false }`
[INFO] [stderr]    Compiling libc v0.2.76
[INFO] [stderr]    Compiling log v0.4.11
[INFO] [stderr]    Compiling serde v1.0.115
[INFO] [stderr]    Compiling cfg-if v0.1.10
[INFO] [stderr]    Compiling libloading v0.4.3
[INFO] [stderr]    Compiling unicode-width v0.1.8
[INFO] [stderr]    Compiling ryu v1.0.5
[INFO] [stderr]    Compiling ucd-util v0.1.8
[INFO] [stderr]    Compiling regex v0.2.11
[INFO] [stderr]    Compiling vec_map v0.8.2
[INFO] [stderr]    Compiling unicode-xid v0.1.0
[INFO] [stderr]    Compiling utf8-ranges v1.0.4
[INFO] [stderr]    Compiling serde_json v1.0.57
[INFO] [stderr]    Compiling ansi_term v0.11.0
[INFO] [stderr]    Compiling strsim v0.8.0
[INFO] [stderr]    Compiling bindgen v0.32.3
[INFO] [stderr]    Compiling syn v0.11.11
[INFO] [stderr]    Compiling peeking_take_while v0.1.2
[INFO] [stderr]    Compiling thread_local v0.3.6
[INFO] [stderr]    Compiling clang-sys v0.21.2
[INFO] [stderr]    Compiling textwrap v0.11.0
[INFO] [stderr]    Compiling proc-macro2 v0.2.3
[INFO] [stderr]    Compiling memchr v2.3.3
[INFO] [stderr]    Compiling regex-syntax v0.5.6
[INFO] [stderr]    Compiling bitflags v1.2.1
[INFO] [stderr]    Compiling log v0.3.9
[INFO] [stderr]    Compiling aho-corasick v0.6.10
[INFO] [stderr]    Compiling quote v0.4.2
[INFO] [stderr]    Compiling atty v0.2.14
[INFO] [stderr]    Compiling memchr v1.0.2
[INFO] [stderr]    Compiling rand v0.4.6
[INFO] [stderr]    Compiling jobserver v0.1.21
[INFO] [stderr]    Compiling which v1.0.5
[INFO] [stderr]    Compiling clap v2.33.3
[INFO] [stderr]    Compiling nom v3.2.1
[INFO] [stderr]    Compiling cc v1.0.59
[INFO] [stderr]    Compiling tempdir v0.3.7
[INFO] [stderr]    Compiling cexpr v0.2.3
[INFO] [stderr]    Compiling env_logger v0.4.3
[INFO] [stderr]    Compiling toml v0.4.10
[INFO] [stderr]    Compiling cbindgen v0.4.3
[INFO] [stdout] error[E0425]: cannot find function `parse_crate` in crate `syn`
[INFO] [stdout]    --> /opt/rustwide/cargo-home/registry/src/github.com-1ecc6299db9ec823/cbindgen-0.4.3/src/bindgen/parser.rs:167:30
[INFO] [stdout]     |
[INFO] [stdout] 167 |                 let i = syn::parse_crate(&s)
[INFO] [stdout]     |                              ^^^^^^^^^^^ not found in `syn`
[INFO] [stdout] 
[INFO] [stdout] 
[INFO] [stdout] error[E0425]: cannot find function `parse_crate` in crate `syn`
[INFO] [stdout]    --> /opt/rustwide/cargo-home/registry/src/github.com-1ecc6299db9ec823/cbindgen-0.4.3/src/bindgen/parser.rs:281:30
[INFO] [stdout]     |
[INFO] [stdout] 281 |                 let i = syn::parse_crate(&s).map_err(|msg| {
[INFO] [stdout]     |                              ^^^^^^^^^^^ not found in `syn`
[INFO] [stdout] 
[INFO] [stdout] 
[INFO] [stdout] error[E0277]: the size for values of type `str` cannot be known at compilation time
[INFO] [stdout]    --> /opt/rustwide/cargo-home/registry/src/github.com-1ecc6299db9ec823/cbindgen-0.4.3/src/bindgen/parser.rs:281:55
[INFO] [stdout]     |
[INFO] [stdout] 281 |                 let i = syn::parse_crate(&s).map_err(|msg| {
[INFO] [stdout]     |                                                       ^^^ doesn't have a size known at compile-time
[INFO] [stdout]     |
[INFO] [stdout]     = help: the trait `std::marker::Sized` is not implemented for `str`
[INFO] [stdout]     = note: to learn more, visit <https://doc.rust-lang.org/book/ch19-04-advanced-types.html#dynamically-sized-types-and-the-sized-trait>
[INFO] [stdout]     = note: all local variables must have a statically known size
[INFO] [stdout]     = help: unsized locals are gated as an unstable feature
[INFO] [stdout] 
[INFO] [stdout] 
[INFO] [stdout] error: aborting due to 3 previous errors
[INFO] [stdout] 
[INFO] [stdout] 
[INFO] [stdout] Some errors have detailed explanations: E0277, E0425.
[INFO] [stdout] 
[INFO] [stdout] For more information about an error, try `rustc --explain E0277`.
[INFO] [stdout] 
[INFO] [stderr] error: could not compile `cbindgen`.
[INFO] [stderr] 
[INFO] [stderr] To learn more, run the command again with --verbose.
[INFO] [stderr] warning: build failed, waiting for other jobs to finish...
[INFO] [stderr] error: build failed
[INFO] running `Command { std: "docker" "inspect" "43f3335ef95acf44bd724311e104d44ef3dcbb61c0d87091d9d527d440413196", kill_on_drop: false }`
[INFO] running `Command { std: "docker" "rm" "-f" "43f3335ef95acf44bd724311e104d44ef3dcbb61c0d87091d9d527d440413196", kill_on_drop: false }`
[INFO] [stdout] 43f3335ef95acf44bd724311e104d44ef3dcbb61c0d87091d9d527d440413196
